 common factor of 1542 and 6.
6
What is the highest common factor of 39 and 3237?
39
What is the highest common factor of 121 and 770?
11
What is the highest common factor of 3711 and 3?
3
What is the highest common divisor of 225 and 150?
75
Calculate the greatest common divisor of 13 and 7969.
13
What is the highest common divisor of 192 and 348?
12
Calculate the greatest common divisor of 6 and 576.
6
Calculate the highest common divisor of 39 and 3.
3
What is the greatest common divisor of 72 and 104?
8
Calculate the highest common divisor of 11 and 12067.
11
Calculate the highest common factor of 12005 and 7.
7
Calculate the greatest common divisor of 204 and 4308.
12
Calculate the highest common factor of 81 and 54.
27
Calculate the highest common factor of 477 and 18.
9
Calculate the highest common divisor of 19 and 551.
19
Calculate the greatest common factor of 2117 and 511.
73
What is the highest common factor of 111 and 39?
3
Calculate the greatest common factor of 3020 and 520.
20
What is the greatest common divisor of 1 and 29?
1
Calculate the greatest common divisor of 528 and 240.
48
Calculate the highest common factor of 130 and 40.
10
What is the greatest common factor of 1749 and 53?
53
Calculate the greatest common divisor of 212 and 53.
53
Calculate the greatest common divisor of 8 and 68.
4
Calculate the highest common divisor of 1430 and 650.
130
Calculate the highest common divisor of 333 and 777.
111
What is the highest common factor of 10 and 155?
5
Calculate the highest common divisor of 512 and 64.
64
What is the highest common divisor of 23147 and 79?
79
What is the highest common factor of 66 and 22?
22
What is the highest common factor of 247 and 13?
13
What is the highest common factor of 21534 and 222?
222
Calculate the highest common divisor of 32 and 64.
32
Calculate the highest common divisor of 30 and 90.
30
Calculate the highest common divisor of 10281 and 276.
69
What is the greatest common divisor of 288 and 126?
18
Calculate the greatest common divisor of 19601 and 34.
17
Calculate the highest common divisor of 45 and 5040.
45
What is the highest common factor of 10 and 160?
10
What is the highest common factor of 266 and 1?
1
What is the greatest common factor of 196 and 35?
7
What is the highest common factor of 81 and 702?
27
What is the greatest common factor of 26 and 3?
1
Calculate the greatest common factor of 40 and 330.
10
What is the greatest common factor of 117 and 26091?
117
What is the greatest common divisor of 588 and 12?
12
Calculate the greatest common divisor of 16 and 216.
8
What is the greatest common factor of 700 and 448?
28
What is the highest common factor of 377 and 13?
13
What is the greatest common divisor of 5 and 16?
1
What is the highest common factor of 33 and 6006?
33
Calculate the greatest common factor of 370 and 12.
2
What is the highest common factor of 603 and 9?
9
What is the greatest common divisor of 717 and 3?
3
What is the highest common factor of 222 and 3885?
111
Calculate the highest common divisor of 1377 and 162.
81
What is the highest common factor of 4410 and 63?
63
Calculate the highest common factor of 368 and 276.
92
Calculate the greatest common divisor of 19 and 323.
19
What is the highest common factor of 99 and 11?
11
Calculate the greatest common factor of 25 and 3.
1
Calculate the highest common divisor of 18 and 369.
9
Calculate the greatest common factor of 6 and 9.
3
What is the greatest common divisor of 632 and 24?
8
What is the highest common divisor of 1081 and 846?
47
Calculate the greatest common factor of 2286 and 54.
18
What is the greatest common factor of 91 and 299?
13
Calculate the greatest common divisor of 1332 and 1887.
111
Calculate the greatest common factor of 3725 and 125.
25
What is the greatest common divisor of 13 and 481?
13
What is the highest common factor of 42 and 7770?
42
Calculate the highest common factor of 1496 and 952.
136
What is the highest common divisor of 14 and 5?
1
Calculate the greatest common factor of 1750 and 70.
70
Calculate the greatest common factor of 3472 and 28.
28
Calculate the highest common divisor of 388 and 4.
4
Calculate the greatest common divisor of 32252 and 110.
22
Calculate the highest common factor of 196 and 147.
49
Calculate the highest common factor of 160 and 56.
8
What is the greatest common factor of 432 and 512?
16
Calculate the highest common factor of 1926 and 856.
214
Calculate the greatest common factor of 4692 and 414.
138
Calculate the highest common factor of 1080 and 115.
5
Calculate the greatest common factor of 219 and 1241.
73
Calculate the highest common divisor of 66 and 165.
33
What is the greatest common divisor of 25 and 1280?
5
What is the greatest common factor of 57 and 2641?
19
What is the highest common divisor of 721 and 112?
7
Calculate the greatest common divisor of 740 and 90.
10
What is the highest common factor of 363 and 1122?
33
What is the highest common factor of 161 and 21?
7
What is the highest common divisor of 126 and 28?
14
What is the highest common factor of 16 and 536?
8
What is the highest common divisor of 32 and 12568?
8
What is the highest common factor of 13 and 4069?
13
What is the greatest common factor of 344 and 258?
86
What is the highest common factor of 336 and 798?
42
What is the greatest common factor of 75 and 90?
15
Calculate the greatest common factor of 150 and 630.
30
Calculate the highest common factor of 21 and 819.
21
What is the highest common divisor of 48 and 66?
6
Calculate the highest common divisor of 408 and 24.
24
Calculate the highest common factor of 100 and 180.
20
Calculate the highest common factor of 162 and 38718.
162
Calculate the greatest common divisor of 9 and 9171.
9
Calculate the greatest common divisor of 70 and 170.
10
Calculate the highest common divisor of 55 and 165.
55
Calculate the highest common divisor of 60 and 336.
12
Calculate the highest common factor of 25 and 2725.
25
Calculate the greatest common factor of 2620 and 20.
20
Calculate the greatest common divisor of 702 and 1134.
54
Calculate the highest common factor of 72 and 72.
72
What is the highest common factor of 192 and 6192?
48
Calculate the greatest common divisor of 18447 and 858.
429
Calculate the greatest common divisor of 60 and 30.
30
What is the greatest common factor of 6 and 540?
6
What is the highest common factor of 100 and 1100?
100
What is the highest common divisor of 3227 and 21?
7
Calculate the greatest common divisor of 1717 and 202.
101
What is the greatest common factor of 48 and 12?
12
What is the highest common factor of 40 and 3240?
40
Calculate the highest common factor of 63 and 36.
9
What is the highest common divisor of 30 and 20?
10
What is the highest common divisor of 970 and 50?
10
What is the greatest common divisor of 423 and 6063?
141
What is the highest common factor of 90 and 1410?
30
What is the highest common divisor of 2560 and 720?
80
Calculate the greatest common divisor of 24 and 228.
12
What is the highest common divisor of 3410 and 242?
22
Calculate the greatest common factor of 14 and 2177.
7
What is the greatest common factor of 24 and 168?
24
Calculate the highest common factor of 2233 and 261.
29
What is the greatest common factor of 28282 and 158?
158
What is the greatest common divisor of 1695 and 195?
15
Calculate the highest common factor of 34 and 2.
2
Calculate the greatest common divisor of 231 and 121.
11
Calculate the greatest common divisor of 2541 and 21.
21
What is the highest common divisor of 228 and 304?
76
Calculate the highest common factor of 2445 and 45.
15
What is the greatest common factor of 117 and 2067?
39
What is the highest common divisor of 5724 and 2756?
212
What is the highest common factor of 153 and 272?
17
Calculate the highest common divisor of 4864 and 2584.
152
Calculate the highest common factor of 12501 and 27.
27
Calculate the highest common factor of 71 and 2130.
71
What is the highest common divisor of 2772 and 12?
12
Calculate the highest common divisor of 10612 and 140.
28
Calculate the greatest common divisor of 1036 and 888.
148
Calculate the greatest common factor of 32 and 80.
16
Calculate the greatest common divisor of 3760 an